t i be 0/(-1*(-5 + 4)). Let d be w(i). Let k = d - -419. List the prime factors of k.
2, 7
Suppose -13*l + 60736 + 142184 = 30332. List the prime factors of l.
2, 3319
List the prime factors of (-7)/(-168)*234354 + 2/8.
3, 5, 7, 31
Suppose 825*n - 824*n - 4*s = 61693, 2*n - s = 123407. List the prime factors of n.
5, 7, 41, 43
List the prime factors of (17562/(-4))/(-1*8/16).
3, 2927
What are the prime factors of (-6)/255*-5 - ((-3969792)/68)/6?
2, 5, 7, 139
Suppose -39 - 27 = -5*s - 2*x, -3*x - 34 = -2*s. Let a be 8/(-14) + 36/s. List the prime factors of -1 - a/1 - (-4 - 68).
3, 23
Let a(b) = 6*b**2 - 3*b - 3. Suppose 3*n = 6*n - 6. Suppose -p = 5*l + 21, -n*p - p = 2*l + 11. List the prime factors of a(p).
2, 3
Let c(v) = 66*v**2 - 268*v - 118. List the prime factors of c(19).
2, 13, 179
Suppose -51 - 206 = -x. Suppose 3*h - x - 718 = 0. What are the prime factors of h?
5, 13
Suppose 2*x = -2*x - 296. Suppose 2*b = 3*b - 143. Let q = x + b. List the prime factors of q.
3, 23
Suppose 4*g = -4*t - 624 - 496, -4*t = 5*g + 1397. Let d = g + 422. What are the prime factors of d?
5, 29
Let u(o) = -9*o + 179. Let m be 5/40 + (-159)/(-8). Let d = 20 - m. List the prime factors of u(d).
179
Let r = 114 + -57. Let y = r - 48. Suppose 11*o = y*o + 46. What are the prime factors of o?
23
Let l(r) = -244 - 139 - 128 - 15*r - 19. List the prime factors of l(-42).
2, 5
Suppose -11*o + 32*o = -o + 50380. What are the prime factors of o?
2, 5, 229
Suppose -3*q + 0*q = -1620. Suppose 162 - q = -2*v. Let x = -71 + v. List the prime factors of x.
2, 59
Let z = -21 - 119. Suppose 1108 = -48*v - 4508. Let d = v - z. What are the prime factors of d?
23
Let h(c) = 2*c - 25. Let x be h(16). Suppose 0 = 2*s - 3*t - 204, x*t + 204 = 2*s + 3*t. List the prime factors of s.
2, 3, 17
Suppose -3*a + 2*i = -619 - 774, 4*a - 3*i - 1858 = 0. Let q = 1604 - a. What are the prime factors of q?
7, 163
Let s(k) = -29*k**2 - 1296*k + 85. What are the prime factors of s(-38)?
7457
Suppose 7*i - 12 = i. Suppose 0*g + 2*g - i*b = -38, 2*b = 4*g + 74. List the prime factors of g*(-1 - -3 - 5).
2, 3
Let c be 2/((-8)/18)*(-20)/(-30). What are the prime factors of 3675/21 - (c + 0 + 0)?
2, 89
Suppose 3*d + 36 + 3 = 0. Let a = -12 - d. What are the prime factors of 98 + a/(-1) + (1 - -2)?
2, 5
Let i(j) = 2*j**2 - 39*j - 35. Let g be i(21). Suppose 4*u = g*u - 8496. What are the prime factors of u?
2, 3, 59
Suppose -4*h + 1602 = 4*l - 2810, 2*l - 2186 = 2*h. Suppose -1035 = -9*g + l. What are the prime factors of g?
3, 79
Let j = 32 - 29. Suppose 10*f - j*f - 497 = 0. List the prime factors of 2 + -5 + (-4)/((-4)/f).
2, 17
Let r(h) be the first derivative of h**4 - 5*h**2/2 + h + 13. Let k be r(-2). Let u = k - -28. List the prime factors of u.
7
Suppose -18*k = -43*k - 250. List the prime factors of (-445)/k*(-36)/(-3).
2, 3, 89
Suppose -427*o + 26460 = -418*o. Suppose 0 = 17*d + 4*d - o. What are the prime factors of d?
2, 5, 7
Let a(k) = k**2 + 14*k - 16. Let m be a(-10). Let h = 17 - m. List the prime factors of h.
73
Suppose 5*s - 4*t - 54915 = 113123, 2*t = 2*s - 67214. List the prime factors of s.
2, 5, 3361
List the prime factors of -5*(13/(-13) - 420).
5, 421
What are the prime factors of (3/((-165)/(-44)))/(6/236190 - 0)?
2, 7873
Suppose 2*z = 4, 4*t + 6*z - 5*z = -11874. Let f = 4332 + t. List the prime factors of f.
29, 47
Let s(v) = v**2 + 12*v + 8. Let q be s(-12). Suppose 5*y + q*y = 1703. List the prime factors of y.
131
Suppose 2*z - 57 = -61. Let y be (736/(-48))/(z/48). Suppose 2*q = -2*u + y, q - 169 = 4*u - 2*u. List the prime factors of q.
179
Suppose 10*f - 7*f - 9 = -3*a, -9 = -2*f + a. Suppose -f*v + 5 = -5*s + v, 5*s - 16 = -2*v. Let w(x) = 88*x - 5. List the prime factors of w(s).
3, 19
Let t(y) = y**3 + 7*y**2 - 8*y. Suppose 5*v - 21 = -k, -4*k = -3*v - 6*k + 14. What are the prime factors of t(v)?
2, 3
What are the prime factors of ((-36)/306)/(4/(-1129276))?
2, 16607
List the prime factors of -7 + (-3)/(15/3682)*(-77 + 22).
5, 7, 13, 89
Let r(n) = 464*n - 116. Let b(d) = -11*d - 129. Let i be b(-12). What are the prime factors of r(i)?
2, 11, 29
Let p = 650 - 106. Suppose 19*k - 20*k + 273 = 2*j, 3*j = -2*k + p. List the prime factors of k.
269
Let l be (-1 - 1)/((-6)/84). Let b = l - 96. Let a = b + 227. List the prime factors of a.
3, 53
Suppose 0 = 4*q - 2*q + 5*t - 550, t = 3*q - 859. Suppose 12*k = 3195 + q. What are the prime factors of k?
2, 5, 29
Let p(f) = -f**2 + 7. Let m be p(3). Let u(c) = -4*c**2 - 2*c - 1. Let s be u(-1). What are the prime factors of (94/s)/(m + 5/3)?
2, 47
Let u(n) = -n**3 - 9*n**2 - 9*n - 5. Let i be u(-8). Let c be 2034/(-27) + 1/i. List the prime factors of ((-16)/(-4) - c)/1.
79
Let h = -153 - -248. Suppose 134 = z - h. What are the prime factors of z?
229
Let o = -401 - -238. Let q = 307 + o. What are the prime factors of q?
2, 3
Suppose -9*g = -14*g + 20. Let k(z) = 555*z**3 - 2*z**2 - z. Let o be k(-1). What are the prime factors of o/(-10) + ((-16)/(-10))/g?
2, 7
What are the prime factors of -3 + (-147684)/(-20) + (-28)/(-35)?
2, 3691
Let u = 55 - 32. Suppose -3*p = 2*s - u, -p + 4*p - 3*s = 3. Suppose -51 = h - 3*h + x, -2*h + 69 = p*x. What are the prime factors of h?
3
Let z = 101 + -76. Suppose -2*f + z = -31. Suppose 2*i - f - 306 = 0. List the prime factors of i.
167
Let k be ((-36)/(-30))/(3/930). Suppose -4*q = -k - 620. What are the prime factors of q?
2, 31
Let b(s) = -s**3 - 54*s**2 - 332*s - 37. List the prime factors of b(-48).
5, 83
Let n be 773 - 12/(-4) - (-12 - -10). Let z = n - 8. What are the prime factors of z?
2, 5, 7, 11
Suppose -144 + 588 = 2*a. Suppose -5*l - a = -3*l + 2*m, -2*l = -4*m + 240. List the prime factors of (12/9)/((-8)/l).
19
Suppose 140 = -88*x + 98*x. List the prime factors of ((-378)/5)/(x/(-140)).
2, 3, 7
Let l = -215 + 217. Suppose -3809 = -l*c - 3*g - 482, 1646 = c + 5*g. List the prime factors of c.
3, 557
Let w = 23888 + -13932. List the prime factors of w.
2, 19, 131
Let k(o) = 5*o**3 - o**2 - o. Let l be k(-1). List the prime factors of (-4 + (-2450)/l - -3) + 3.
2, 3, 41
Let v be (-4 - -2 - -1) + 2/2. Suppose v = -6*o + 2 - 14. List the prime factors of (155/(-5))/(o/4).
2, 31
Suppose 0 = -4*i + 4*g - 16, -14 = -i + 3*i + 4*g. List the prime factors of (((-75)/(-10))/i)/(18/(-14748)).
1229
List the prime factors of (-749)/(-214)*(-115394)/(-7) - 4.
3, 19231
List the prime factors of ((-100)/(-6))/(134/388131).
5, 1931
Let s(j) = 38*j + 9 - 37*j - 3*j**2 + 65*j + 27*j + j**2. What are the prime factors of s(22)?
1087
List the prime factors of 375*146 + 1250/125.
2, 5, 37
Suppose -b + 9*b = 4*b + 64268. List the prime factors of b.
16067
Let d(l) = l**3 + 22*l**2 + 11*l - 60. Suppose 166*a = 159*a - 77. What are the prime factors of d(a)?
2, 5, 23
Let p = -264 - -273. Suppose -2064 + 9552 = p*o. What are the prime factors of o?
2, 13
Suppose -4*p = 5*c - 43, -p - 5*c + 1 = -7*c. Suppose -284 = -5*f + 646. Suppose -f = -p*s + s. List the prime factors of s.
31
Let x = 100860 - 67654. What are the prime factors of x?
2, 16603
Suppose 3*v - 5*f - 17841 = 0, f + 45967 = 5*v + 16254. What are the prime factors of v?
2, 2971
Suppose 2*h = -5*t + 3*h + 25, h + 13 = 2*t. Let a(r) = 16*r**2 + 6*r - 13. List the prime factors of a(t).
3, 89
Let j be (-21)/14 + 7558/(-4). Let q = j + 3191. List the prime factors of q.
2, 5, 13
Let z = -542 - -7167. List the prime factors of z.
5, 53
Let r = 471 - 461. Suppose -3*c + r = -3*g + 895, -3*g + 900 = 2*c. List the prime factors of g.
2, 149
Let z = -833 + 851. Suppose 0 = -z*d + 5687 + 32149. List the prime factors of d.
2, 1051
Suppose -4*p + 7 = 4*m + m, -4*m + 8 = 2*p. Let z(n) = -4*n - 1. Let o be z(p). Suppose o*r = 9*r - 26. List the prime factors of r.
13
List the prime factors of 8*(-144)/(-640)*1*1370.
2, 3, 137
Suppose -5*d - 7618 = -h, -74*h = -72*h + 4*d - 15194. List the prime factors of h.
7603
Let n = -603 - -594. List the prime factors of (-5 + (-33)/n)/((-4)/2754).
2, 3, 17
Suppose -4*h = -h + s - 20, 0 = -2*h + 2*s. Suppose r - 3*r + 694 = 2*g, -1743 = -h*g - 3*r. What are the prime factors of g?
3, 13
Let t be -10 + -172 + ((-11)/(-22))/(3/12). Let c(v) = 18*v**2 + 5*v - 1. Let y be c(-5). Let l = y + t. What are t